remainder when 14 is divided by u?
4
Let c(t) = -t**2 + 16*t + 12*t + 0*t**2 - 27*t. Let r(p) = 2*p**3 + 2*p. Let y(s) = c(s) - r(s). Calculate the remainder when y(-3) is divided by 13.
9
What is the remainder when -675 + 680 + 151*(2 + -1) is divided by 7?
2
Suppose -p + 45 = 4*x - 21, -2*x - 390 = -4*p. Calculate the remainder when 494 is divided by p.
24
Suppose -23*z - 169 = 5*r - 776, 3*r - z - 453 = 0. What is the remainder when r is divided by 4?
1
Let m(x) = x + 1. Suppose -3053 = -4*h + f, -5*h + 3*f + 3506 + 319 = 0. Calculate the remainder when 9*(2/(-11) + h/198) is divided by m(6).
5
Let x(h) = -147*h - 47*h - 111*h + 38 + 57*h - 44. Calculate the remainder when x(-1) is divided by 35.
32
Calculate the remainder when 4726 is divided by (-652*6/(-192))/(16/128).
162
Suppose 5*v + 136 = 3*w, -85 = -w + 143*v - 139*v. Let l = -140 + 234. What is the remainder when 1/(-3) - l/(-3) is divided by w?
14
Suppose 0 = u - d - 492, -444 = -u + 62*d - 67*d. Let v = -79 + 133. Calculate the remainder when u is divided by v.
52
Suppose 41*t = 195 + 256. Calculate the remainder when 1579 is divided by t.
6
Let q = 858 + -69. What is the remainder when q is divided by 99?
96
Suppose -30*v = -32*v + 104. Suppose -7540 - 6396 = -v*w. Calculate the remainder when w is divided by 45.
43
Suppose 361*y + 40*y = -25*y + 10224. Let p = 41 - 21. Suppose y = 4*o - p. Calculate the remainder when 20 is divided by o.
9
Suppose -2*m - 34 = -5*c, c + c - 16 = 2*m. Suppose -5*o - z = 151 - 975, o + 5*z - 160 = 0. What is the remainder when o is divided by c?
3
Suppose 4*a = d + 2650, 0 = -68*a + 71*a - 4*d - 1981. Calculate the remainder when a is divided by 78.
39
Let f = 918 - 2300. Let j = 1425 + f. What is the remainder when j is divided by (-8)/1*(-18)/8?
7
Suppose 99 = -2*t + 415. Let m = -150 + t. Let o(z) = -2*z**3 - 6*z**2 + 6*z - 1. What is the remainder when o(-5) is divided by m?
5
Suppose 73*t = -88*t + 32*t + 3096. Let j = -2 - -4. What is the remainder when j + (118 - 1)/1 is divided by t?
23
Let x(m) = m**3 - 132*m**2 + 272*m - 1544. What is the remainder when 7695 is divided by x(130)?
15
Suppose 0 = 7*g - 5*g + 5*k - 4989, 0 = -4*g - 5*k + 9953. Calculate the remainder when g is divided by 36.
34
Let y = -1347 - -1372. Let w(m) = m**3 + 11*m**2 + 6*m - 11. Calculate the remainder when w(-9) is divided by y.
22
Let g be -90 + 94 - 2/(2 - 0). Suppose g*x - 160 = -x. Calculate the remainder when 197 is divided by x.
37
Let s = 684 + -475. Calculate the remainder when 783 is divided by s.
156
Let t(g) = -g**3 - 14*g**2 + 31*g + 28. Let k be t(-16). Suppose 0 = -k*y + 22*y + 3388. Calculate the remainder when y is divided by 35.
14
Suppose -1750*r + 1760*r - 660 = 0. What is the remainder when 326 is divided by r?
62
What is the remainder when 5 + (-209)/38 - 2853/(-2) is divided by 704?
18
Let n = -142 + 143. What is the remainder when 334 is divided by (-232)/(-5 - 3) + -5*n?
22
Suppose o + 4*o + 2*d - 72 = 0, -4*d - 10 = -o. Calculate the remainder when 21670 is divided by o.
12
Let g(i) = -i**3 + 10*i**2 + 6*i - 10. Let x be -49*(-8)/(48 + 8). What is the remainder when g(x) is divided by 10?
9
Suppose -11*o + 12*o + 7 = y, -4*o = 4. What is the remainder when 75 is divided by -1*3/y*-14?
5
Suppose -5*f + 4*f + 7 = 0, -4*v + 80 = 4*f. Calculate the remainder when 624 is divided by v.
0
Let r = 2527 + -2422. What is the remainder when r is divided by (-2)/4*-4 - -55?
48
Let k(p) = p**3 - 18*p**2 + 42*p - 169. What is the remainder when k(19) is divided by 16?
14
Suppose 38 + 7 = 5*q. Let v(j) = -31*j - 103. Let t(f) = -17*f - 395. Let a be t(-23). What is the remainder when v(a) is divided by q?
3
Let p = 100 + -97. Suppose -1202 = -3*h + 2*n, 2*h + p*n + 1200 = 5*h. What is the remainder when h is divided by 27?
24
Let z = -968 - -1005. Calculate the remainder when z is divided by 13.
11
Let t = 68 + -63. Suppose t*b + 41 = -79. What is the remainder when (-90)/21*224/b is divided by 6?
4
Let t(i) = -i**3 + 50*i**2 + 54*i - 128. Let w be t(51). Let j(r) = -r**3 + 26*r**2 - 30. Calculate the remainder when j(w) is divided by 46.
43
Let l(y) = 14*y - 77. Let p = -8 + 11. Suppose z - 1 = -p, -5*z = -4*d + 62. Calculate the remainder when l(9) is divided by d.
10
Let d(v) = 9*v**2 - 37*v + 121. What is the remainder when 983 is divided by d(5)?
17
Let k(j) = 180*j - 1103. What is the remainder when k(7) is divided by 48?
13
Let r be (10/(-45)*33)/(4/(-6)). Suppose -1292 = -r*n - 6*n. What is the remainder when n is divided by 34?
8
Let i = -5729 - -5889. Calculate the remainder when i is divided by 19.
8
Suppose 449 = -3*j + 3*h + 692, -5*h + 111 = j. Calculate the remainder when j is divided by (-176)/(-10) - (-2)/5.
14
Suppose u - 985 = 2*g, 194*u - g + 1006 = 195*u. Calculate the remainder when u is divided by 36.
27
Suppose 2*w = -9*w - 55. Let x(n) = -n**3 + 2*n**2 - 3. Calculate the remainder when x(w) is divided by 58.
56
Let p = 355 - 283. What is the remainder when 431 is divided by p?
71
Suppose -35 = 4*o + 9. Let f = 6 - -14. Let h = f + o. What is the remainder when 24 is divided by h?
6
Let f(b) = b**3 - 7*b**2 - 10*b - 12. Let q be (-1)/(-2 + (-34)/(-18)). Suppose 56*h = 45*h + 231. What is the remainder when f(q) is divided by h?
18
Let m(o) = 64*o + 11397. What is the remainder when m(-177) is divided by 4/18 + (-428)/(-18)?
21
Let n(t) be the first derivative of t**3/3 - 9*t**2 + 18*t + 22. Let w be n(17). Calculate the remainder when w*(-40)/(-5) - -1 is divided by 6.
3
Calculate the remainder when ((-37)/(-111) - 1/(-6))/(5/16640) is divided by 34.
32
Suppose -4*s = 3*m + 58, -3*m + 3*s - 34 = s. Calculate the remainder when (-11)/(-2)*7*2 is divided by 8/m + (-2604)/(-98).
25
Let n(w) = 6*w**2 - 2*w + 9. Let c be n(5). Let j = c + -96. Suppose -59 = -4*z + j. What is the remainder when z is divided by 15?
13
Suppose -50017 = 3*j - 50116. What is the remainder when 5113 is divided by j?
31
Suppose 0 = -k + 120 + 62. Suppose -5*y - 394 = -4*p, -2*p - y = 4*y - k. Let w = p - 58. Calculate the remainder when w is divided by 20.
18
Suppose -26*z + 27*z - 277 = 0. Let g = z - 271. Calculate the remainder when 41 is divided by g.
5
Suppose 3*t = -6, 4*f - 144 = -t - 94. What is the remainder when 818 is divided by f?
12
Suppose 9*g + 24 = -3. Let d(r) = -48*r - 47. What is the remainder when d(g) is divided by 50?
47
Suppose -281 - 123 = -17*f - 149. Let b = -9 - -15. Suppose 5*u = 3*u + b. Calculate the remainder when f is divided by u.
0
Let l = 9 + -3. Let v = 15 - l. Let j(t) = -t**2 - 44*t + 7. What is the remainder when v is divided by j(0)?
2
Let g = 19361 + -16209. Calculate the remainder when g is divided by 243.
236
Let d(w) = -w**3 + 12*w**2 + 9*w + 21. What is the remainder when d(12) is divided by 17395/392 - (-6)/(-16)?
41
Let y(q) = -179*q + 919. Calculate the remainder when 44 is divided by y(5).
20
Suppose -u - u + 0*u = 0. What is the remainder when (51 - -9) + u + -3 is divided by 218/11 + (-16)/(-88)?
17
Let c(a) = 23*a**2 + a - 2. Let t(m) = -m - 17. Let x be t(-18). Let b(s) = -s**2 + 11*s - 19. Calculate the remainder when c(x) is divided by b(8).
2
Suppose -8*b - 3926 + 18512 = 14*b. Calculate the remainder when b is divided by 10.
3
Let b = -8299 + 16735. Suppose 60*y = 3*y + b. What is the remainder when y is divided by 36?
4
Suppose 5*y - 2*i - 188 = 0, y = -i + 27 + 5. Calculate the remainder when 130/(-39)*y/(-10) is divided by 3/((-6)/(-8)) - (-6)/6.
2
Let l = -3440 + 3528. Calculate the remainder when 967 is divided by l.
87
Let c(s) = -3*s - 54. Let f be c(-19). Suppose 15*k = 16*k - f. Calculate the remainder when 24 is divided by (1/k)/(0 + (-1)/(-27)).
6
Let x be ((5/2)/5)/(15/60). Suppose -26 = -x*r - 12. Let k(v) = v + 1. What is the remainder when k(12) is divided by r?
6
Let c(o) = o**3 - 16*o**2 + 2. Let a be c(16). Suppose -4*u + 145 = -f, -4*u + a*f + 2 = -148. Calculate the remainder when -276*(36/(-16))/9 is divided by u.
34
Suppose 4*r = -5*d + 127, 4*r + 8 = -d + 43. Suppose 2*n - 59 = d. What is the remainder when n is divided by 14?
13
Suppose 81*p = 84*p - 396. Let j = p + -112. Let x(u) = 2*u**3 - 2*u**2 + 2*u - 4. Calculate the remainder when x(3) is divided by j.
18
Let l(w) = 